{"id":2,"date":"2024-11-04T12:27:31","date_gmt":"2024-11-04T11:27:31","guid":{"rendered":"http:\/\/thevanpingcompany.local\/settimo-tse\/?page_id=2"},"modified":"2026-01-02T19:00:55","modified_gmt":"2026-01-02T18:00:55","slug":"pagina-di-esempio","status":"publish","type":"page","link":"https:\/\/vapingcompany.it\/to-corso-maroncelli\/","title":{"rendered":"Home page"},"content":{"rendered":"\t\t<div data-elementor-type=\"wp-page\" data-elementor-id=\"2\" class=\"elementor elementor-2\" data-elementor-post-type=\"page\">\n\t\t\t\t<div class=\"elementor-element elementor-element-6abc9221 ppx-5 my-100 e-flex e-con-boxed e-con e-parent\" data-id=\"6abc9221\" data-element_type=\"container\">\n\t\t\t\t\t<div class=\"e-con-inner\">\n\t\t\t\t<div class=\"elementor-element elementor-element-57042be2 fs-20 black lh-116 fw-800 mb-20 elementor-widget elementor-widget-heading\" data-id=\"57042be2\" data-element_type=\"widget\" data-widget_type=\"heading.default\">\n\t\t\t\t<div class=\"elementor-widget-container\">\n\t\t\t<span class=\"elementor-heading-title elementor-size-default\">Chi siamo<\/span>\t\t<\/div>\n\t\t\t\t<\/div>\n\t\t\t\t<div class=\"elementor-element elementor-element-578d81c1 black fs-16 lh-175 elementor-widget elementor-widget-text-editor\" data-id=\"578d81c1\" data-element_type=\"widget\" data-widget_type=\"text-editor.default\">\n\t\t\t\t<div class=\"elementor-widget-container\">\n\t\t\t\t\t\t\t<p data-start=\"232\" data-end=\"632\">Il punto vendita <strong data-start=\"249\" data-end=\"271\">The Vaping Company<\/strong> di <strong data-start=\"275\" data-end=\"316\">Torino<\/strong> si trova in <strong data-start=\"329\" data-end=\"358\">Corso Piero Maroncelli 43<\/strong>, in una zona ben servita e facilmente raggiungibile, soprattutto per chi si muove tra Torino Sud e le aree limitrofe.<br data-start=\"476\" data-end=\"479\">\nIl negozio \u00e8 comodo sia in auto sia con i mezzi pubblici, grazie alla presenza di diverse linee nelle vicinanze e a soluzioni di parcheggio nei dintorni.<\/p><p data-start=\"634\" data-end=\"918\">La location \u00e8 curata, ordinata e funzionale, pensata per offrire un\u2019esperienza semplice e piacevole fin dall\u2019ingresso. Gli spazi sono ben organizzati, con esposizioni chiare che permettono di orientarsi facilmente tra dispositivi, liquidi e accessori, senza fretta e senza confusione.<\/p><p data-start=\"920\" data-end=\"1247\">L\u2019assortimento copre tutte le esigenze: <strong data-start=\"960\" data-end=\"986\">sigarette elettroniche<\/strong>, <strong data-start=\"988\" data-end=\"999\">pod mod<\/strong>, dispositivi usa e getta, <strong data-start=\"1026\" data-end=\"1063\">liquidi per sigaretta elettronica<\/strong>, aromi e accessori, con una selezione dei <strong data-start=\"1106\" data-end=\"1149\">brand pi\u00f9 noti e apprezzati del settore<\/strong>, affiancati da alternative interessanti per chi vuole sperimentare o aggiornare il proprio setup.<\/p><p data-start=\"1249\" data-end=\"1516\">In negozio trovate <strong data-start=\"1268\" data-end=\"1277\">Bruno<\/strong>, sempre disponibile, competente e molto pratico. Sa consigliare con tranquillit\u00e0, spiegare le differenze tra i prodotti in modo chiaro e guidare ogni cliente verso la soluzione pi\u00f9 adatta, sia per chi inizia sia per chi ha gi\u00e0 esperienza.<\/p><p>\n\n\n\n<\/p><p data-start=\"1518\" data-end=\"1752\">Il negozio di Corso Maroncelli rappresenta un punto di riferimento solido per la zona: professionalit\u00e0, assortimento completo e quell\u2019approccio diretto e umano che fa la differenza, soprattutto quando si parla di scelte tecniche<\/p>\t\t\t\t\t\t<\/div>\n\t\t\t\t<\/div>\n\t\t\t\t\t<\/div>\n\t\t\t\t<\/div>\n\t\t\t\t<\/div>\n\t\t","protected":false},"excerpt":{"rendered":"<p>Chi siamo Il punto vendita The Vaping Company di Torino si trova in Corso Piero Maroncelli 43, in una zona ben servita e facilmente raggiungibile, soprattutto per chi si muove tra Torino Sud e le aree limitrofe. Il negozio \u00e8 comodo sia in auto sia con i mezzi pubblici, grazie alla presenza di diverse linee [&hellip;]<\/p>\n","protected":false},"author":1,"featured_media":0,"parent":0,"menu_order":0,"comment_status":"closed","ping_status":"open","template":"","meta":{"_acf_changed":false,"inline_featured_image":false,"footnotes":""},"class_list":["post-2","page","type-page","status-publish","hentry"],"acf":[],"_links":{"self":[{"href":"https:\/\/vapingcompany.it\/to-corso-maroncelli\/wp-json\/wp\/v2\/pages\/2","targetHints":{"allow":["GET"]}}],"collection":[{"href":"https:\/\/vapingcompany.it\/to-corso-maroncelli\/wp-json\/wp\/v2\/pages"}],"about":[{"href":"https:\/\/vapingcompany.it\/to-corso-maroncelli\/wp-json\/wp\/v2\/types\/page"}],"author":[{"embeddable":true,"href":"https:\/\/vapingcompany.it\/to-corso-maroncelli\/wp-json\/wp\/v2\/users\/1"}],"replies":[{"embeddable":true,"href":"https:\/\/vapingcompany.it\/to-corso-maroncelli\/wp-json\/wp\/v2\/comments?post=2"}],"version-history":[{"count":43,"href":"https:\/\/vapingcompany.it\/to-corso-maroncelli\/wp-json\/wp\/v2\/pages\/2\/revisions"}],"predecessor-version":[{"id":115,"href":"https:\/\/vapingcompany.it\/to-corso-maroncelli\/wp-json\/wp\/v2\/pages\/2\/revisions\/115"}],"wp:attachment":[{"href":"https:\/\/vapingcompany.it\/to-corso-maroncelli\/wp-json\/wp\/v2\/media?parent=2"}],"curies":[{"name":"wp","href":"https:\/\/api.w.org\/{rel}","templated":true}]}}