{"id":2,"date":"2024-11-29T19:57:09","date_gmt":"2024-11-29T18:57:09","guid":{"rendered":"https:\/\/vapingcompany.it\/canicatti\/?page_id=2"},"modified":"2025-12-10T11:21:30","modified_gmt":"2025-12-10T10:21:30","slug":"pagina-di-esempio","status":"publish","type":"page","link":"https:\/\/vapingcompany.it\/canicatti\/","title":{"rendered":"Home page"},"content":{"rendered":"\t\t<div data-elementor-type=\"wp-page\" data-elementor-id=\"2\" class=\"elementor elementor-2\" data-elementor-post-type=\"page\">\n\t\t\t\t<div class=\"elementor-element elementor-element-d07512b ppx-5 my-100 e-flex e-con-boxed e-con e-parent\" data-id=\"d07512b\" data-element_type=\"container\">\n\t\t\t\t\t<div class=\"e-con-inner\">\n\t\t\t\t<div class=\"elementor-element elementor-element-bc53827 fs-20 black lh-116 fw-800 mb-20 elementor-widget elementor-widget-heading\" data-id=\"bc53827\" data-element_type=\"widget\" data-widget_type=\"heading.default\">\n\t\t\t\t<div class=\"elementor-widget-container\">\n\t\t\t<span class=\"elementor-heading-title elementor-size-default\">Chi siamo<\/span>\t\t<\/div>\n\t\t\t\t<\/div>\n\t\t\t\t<div class=\"elementor-element elementor-element-dd0c996 black fs-16 lh-175 elementor-widget elementor-widget-text-editor\" data-id=\"dd0c996\" data-element_type=\"widget\" data-widget_type=\"text-editor.default\">\n\t\t\t\t<div class=\"elementor-widget-container\">\n\t\t\t\t\t\t\t<p>Sono Vincenzo e sono il titolare di <strong>The Vaping Company &#8211; negozio di sigarette elettroniche a Canicatt<\/strong>\u00ec.<br \/>La mia avventura con il mondo delle sigarette elettroniche \u00e8 iniziata pi\u00f9 di tre anni fa. Dopo anni passati a fumare, avevo deciso di smettere, ma come capita spesso\u2026 il bisogno si faceva ancora sentire. Un giorno, un mio parente mi ha prestato la sua sigaretta elettronica: ho iniziato a provarla, a sperimentare vari liquidi, e da l\u00ec \u00e8 scattata la scintilla. Non solo mi ha aiutato a distaccarmi dal tabacco, ma mi ha anche aperto la porta a un mondo che non conoscevo \u2014 e che da subito mi ha affascinato.<\/p><p>Col tempo \u00e8 nata anche la voglia di approfondire. I motivi per cui ho deciso di aprire un negozio sono due: da un lato, il desiderio di conoscere sempre meglio questo settore, in continua evoluzione; dall\u2019altro, una sfida personale. Sono sempre stato una persona piuttosto timida, e aprire un negozio \u00e8 stato per me un modo per uscire dalla mia <strong>comfort zone<\/strong>, mettermi in gioco, parlare con le persone e condividere la mia esperienza in maniera diretta.<\/p><p>Il mio negozio \u00e8 strutturato in modo semplice ma funzionale. Appena entri trovi un ampio <strong>bancone a L<\/strong>, con <strong>quattro vetrinette<\/strong> dove espongo le sigarette elettroniche. Dietro il bancone, una parete in cartongesso accoglie un <strong>incasso espositivo pieno di liquidi<\/strong> di ogni tipo. \u00c8 tutto disposto in un\u2019unica grande stanza, che permette di muoversi liberamente e guardarsi intorno senza confusione.<\/p><p>Siamo situati in <strong>una delle vie pi\u00f9 trafficate di Canicatt\u00ec<\/strong>, circondati da diverse attivit\u00e0 commerciali. Questo rende il <strong>negozio molto visibile<\/strong> e facilmente accessibile, sia per chi vive in zona sia per chi ci passa davanti per caso. Una volta entrati, i clienti trovano subito un\u2019ampia scelta, sia di dispositivi che di liquidi, sempre selezionati con cura.<br \/>Quello che cerco di fare ogni giorno \u00e8 <strong>mettermi a disposizione con pazienza e gentilezza<\/strong>. So che per molti il mondo del vaping pu\u00f2 sembrare complicato all\u2019inizio, e per questo mi prendo il tempo per spiegare, chiarire dubbi, dare consigli sinceri. Non spingo a comprare a tutti i costi, ma mi impegno a proporre <strong>solo i prodotti che ritengo validi<\/strong>, quelli che userei anche io.<br \/>Quello che mi differenzia davvero dagli altri negozi \u00e8 il rapporto che cerco di costruire con ogni cliente. Per me non sei un numero: sei una persona con esigenze precise, gusti particolari e magari anche qualche domanda. Ed \u00e8 proprio l\u00ec che entro in gioco, cercando di offrire un servizio umano, diretto e sempre onesto.<br \/>Se passi da Canicatt\u00ec, ti invito a venirmi a trovare: anche solo per scambiare due parole e scoprire qualcosa in pi\u00f9 su questo mondo.<\/p>\t\t\t\t\t\t<\/div>\n\t\t\t\t<\/div>\n\t\t\t\t\t<\/div>\n\t\t\t\t<\/div>\n\t\t\t\t<\/div>\n\t\t","protected":false},"excerpt":{"rendered":"<p>Chi siamo Sono Vincenzo e sono il titolare di The Vaping Company &#8211; negozio di sigarette elettroniche a Canicatt\u00ec.La mia avventura con il mondo delle sigarette elettroniche \u00e8 iniziata pi\u00f9 di tre anni fa. Dopo anni passati a fumare, avevo deciso di smettere, ma come capita spesso\u2026 il bisogno si faceva ancora sentire. Un giorno, [&hellip;]<\/p>\n","protected":false},"author":1,"featured_media":0,"parent":0,"menu_order":0,"comment_status":"closed","ping_status":"open","template":"","meta":{"_acf_changed":false,"inline_featured_image":false,"footnotes":""},"class_list":["post-2","page","type-page","status-publish","hentry"],"acf":[],"_links":{"self":[{"href":"https:\/\/vapingcompany.it\/canicatti\/wp-json\/wp\/v2\/pages\/2","targetHints":{"allow":["GET"]}}],"collection":[{"href":"https:\/\/vapingcompany.it\/canicatti\/wp-json\/wp\/v2\/pages"}],"about":[{"href":"https:\/\/vapingcompany.it\/canicatti\/wp-json\/wp\/v2\/types\/page"}],"author":[{"embeddable":true,"href":"https:\/\/vapingcompany.it\/canicatti\/wp-json\/wp\/v2\/users\/1"}],"replies":[{"embeddable":true,"href":"https:\/\/vapingcompany.it\/canicatti\/wp-json\/wp\/v2\/comments?post=2"}],"version-history":[{"count":13,"href":"https:\/\/vapingcompany.it\/canicatti\/wp-json\/wp\/v2\/pages\/2\/revisions"}],"predecessor-version":[{"id":37,"href":"https:\/\/vapingcompany.it\/canicatti\/wp-json\/wp\/v2\/pages\/2\/revisions\/37"}],"wp:attachment":[{"href":"https:\/\/vapingcompany.it\/canicatti\/wp-json\/wp\/v2\/media?parent=2"}],"curies":[{"name":"wp","href":"https:\/\/api.w.org\/{rel}","templated":true}]}}