{"id":2,"date":"2024-11-04T12:27:31","date_gmt":"2024-11-04T11:27:31","guid":{"rendered":"http:\/\/thevanpingcompany.local\/settimo-tse\/?page_id=2"},"modified":"2025-11-01T15:21:08","modified_gmt":"2025-11-01T14:21:08","slug":"pagina-di-esempio","status":"publish","type":"page","link":"https:\/\/vapingcompany.it\/alba\/","title":{"rendered":"Home page"},"content":{"rendered":"\t\t<div data-elementor-type=\"wp-page\" data-elementor-id=\"2\" class=\"elementor elementor-2\" data-elementor-post-type=\"page\">\n\t\t\t\t<div class=\"elementor-element elementor-element-6abc9221 ppx-5 my-100 e-flex e-con-boxed e-con e-parent\" data-id=\"6abc9221\" data-element_type=\"container\">\n\t\t\t\t\t<div class=\"e-con-inner\">\n\t\t\t\t<div class=\"elementor-element elementor-element-57042be2 fs-20 black lh-116 fw-800 mb-20 elementor-widget elementor-widget-heading\" data-id=\"57042be2\" data-element_type=\"widget\" data-widget_type=\"heading.default\">\n\t\t\t\t<div class=\"elementor-widget-container\">\n\t\t\t<span class=\"elementor-heading-title elementor-size-default\">Chi siamo<\/span>\t\t<\/div>\n\t\t\t\t<\/div>\n\t\t\t\t<div class=\"elementor-element elementor-element-578d81c1 black fs-16 lh-175 elementor-widget elementor-widget-text-editor\" data-id=\"578d81c1\" data-element_type=\"widget\" data-widget_type=\"text-editor.default\">\n\t\t\t\t<div class=\"elementor-widget-container\">\n\t\t\t\t\t\t\t<p data-start=\"61\" data-end=\"498\">Il negozio <strong data-start=\"72\" data-end=\"102\">The Vaping Company di Alba<\/strong>, in <strong data-start=\"107\" data-end=\"137\">Via Vittorio Emanuele 23\/D<\/strong>, si trova nel pieno centro storico, lungo la celebre \u201cVia Maestra\u201d, una delle zone pi\u00f9 vive e frequentate della citt\u00e0. Facilmente raggiungibile a piedi e ben servito anche per chi arriva in auto, il punto vendita \u00e8 immerso tra negozi, bar e locali tipici, rendendolo una tappa comoda e piacevole per chi cerca un riferimento affidabile nel mondo dello svapo.<\/p><p data-start=\"58\" data-end=\"540\">\n<\/p><p data-start=\"500\" data-end=\"987\" data-is-last-node=\"\" data-is-only-node=\"\">All\u2019interno troverai un\u2019ampia selezione di <strong data-start=\"543\" data-end=\"569\">sigarette elettroniche<\/strong>, <strong data-start=\"571\" data-end=\"583\">e-liquid<\/strong>, <strong data-start=\"585\" data-end=\"606\">aromi concentrati<\/strong> e accessori dei migliori marchi, tra cui <strong data-start=\"648\" data-end=\"660\">Vaporart<\/strong>, <strong data-start=\"662\" data-end=\"672\">Elfbar<\/strong>, <strong data-start=\"674\" data-end=\"682\">Kiwi<\/strong>, <strong data-start=\"684\" data-end=\"694\">Voopoo<\/strong>, <strong data-start=\"696\" data-end=\"708\">Geekvape<\/strong> e molti altri.<\/p><p data-start=\"500\" data-end=\"987\" data-is-last-node=\"\" data-is-only-node=\"\">A darti il benvenuto ci sar\u00e0 <strong data-start=\"753\" data-end=\"767\">Elisabetta<\/strong>, sempre vivace ed espansiva, pronta a offrirti consigli personalizzati, assistenza e un sorriso, in un ambiente cordiale e professionale dove la qualit\u00e0 dei prodotti e l\u2019attenzione al cliente sono sempre al primo posto.<\/p>\t\t\t\t\t\t<\/div>\n\t\t\t\t<\/div>\n\t\t\t\t\t<\/div>\n\t\t\t\t<\/div>\n\t\t\t\t<\/div>\n\t\t","protected":false},"excerpt":{"rendered":"<p>Chi siamo Il negozio The Vaping Company di Alba, in Via Vittorio Emanuele 23\/D, si trova nel pieno centro storico, lungo la celebre \u201cVia Maestra\u201d, una delle zone pi\u00f9 vive e frequentate della citt\u00e0. Facilmente raggiungibile a piedi e ben servito anche per chi arriva in auto, il punto vendita \u00e8 immerso tra negozi, bar [&hellip;]<\/p>\n","protected":false},"author":1,"featured_media":0,"parent":0,"menu_order":0,"comment_status":"closed","ping_status":"open","template":"","meta":{"_acf_changed":false,"inline_featured_image":false,"footnotes":""},"class_list":["post-2","page","type-page","status-publish","hentry"],"acf":[],"_links":{"self":[{"href":"https:\/\/vapingcompany.it\/alba\/wp-json\/wp\/v2\/pages\/2","targetHints":{"allow":["GET"]}}],"collection":[{"href":"https:\/\/vapingcompany.it\/alba\/wp-json\/wp\/v2\/pages"}],"about":[{"href":"https:\/\/vapingcompany.it\/alba\/wp-json\/wp\/v2\/types\/page"}],"author":[{"embeddable":true,"href":"https:\/\/vapingcompany.it\/alba\/wp-json\/wp\/v2\/users\/1"}],"replies":[{"embeddable":true,"href":"https:\/\/vapingcompany.it\/alba\/wp-json\/wp\/v2\/comments?post=2"}],"version-history":[{"count":40,"href":"https:\/\/vapingcompany.it\/alba\/wp-json\/wp\/v2\/pages\/2\/revisions"}],"predecessor-version":[{"id":110,"href":"https:\/\/vapingcompany.it\/alba\/wp-json\/wp\/v2\/pages\/2\/revisions\/110"}],"wp:attachment":[{"href":"https:\/\/vapingcompany.it\/alba\/wp-json\/wp\/v2\/media?parent=2"}],"curies":[{"name":"wp","href":"https:\/\/api.w.org\/{rel}","templated":true}]}}